se 6, what is 220450310 - -2?
220450312
In base 5, what is -4 + -2242203412?
-2242203421
In base 13, what is 1 - -447b58?
447b59
In base 13, what is 3 + 418b91?
418b94
In base 16, what is 6331b9c - 2?
6331b9a
In base 3, what is 110121102120 + 1121020?
110200000210
In base 13, what is 4 - -541b9?
541c0
In base 14, what is -936 - 660?
-1196
In base 14, what is 370b - 56?
3695
In base 9, what is 2747 - -1702?
4550
In base 5, what is -1121131221 - 4?
-1121131230
In base 7, what is -5456 + 1426341?
1420552
In base 11, what is -28698 - 5?
-286a2
In base 11, what is -83 + -6213aa?
-621482
In base 5, what is -200014 + -10032022?
-10232041
In base 6, what is 10 + -22252221?
-22252211
In base 16, what is 5 + -234146f?
-234146a
In base 16, what is 3 + -68369c?
-683699
In base 8, what is 432437 - 4170?
426247
In base 16, what is 680a + 2f3?
6afd
In base 16, what is -b8e - -c01?
73
In base 7, what is 214 + -24503436?
-24503222
In base 11, what is 48090 - -1310?
493a0
In base 16, what is 5 - 8e11816?
-8e11811
In base 2, what is -10000001101 + 100001100101010?
11111100011101
In base 3, what is -10 + -2211012210221?
-2211012211001
In base 2, what is 110111111001100010110100000010 + -11?
110111111001100010110011111111
In base 16, what is -2 + e6e3b?
e6e39
In base 5, what is -3014 + 213214?
210200
In base 9, what is 2201 - 24621?
-22420
In base 14, what is 76d6139 + 1?
76d613a
In base 8, what is -37070253 + 15?
-37070236
In base 16, what is a - 4d75c?
-4d752
In base 9, what is 13480 + 1011?
14501
In base 6, what is -255 + 10142323?
10142024
In base 9, what is -11 - -1856686?
1856675
In base 7, what is -1222 - -1335?
113
In base 6, what is 425410353 - 1?
425410352
In base 6, what is -2122525552 - -1?
-2122525551
In base 4, what is -302300223300 + -1?
-302300223301
In base 10, what is -186869143 - 1?
-186869144
In base 6, what is 1513421532 + 24?
1513422000
In base 13, what is -421 - -17864?
17443
In base 4, what is 3333 + 3102133100?
3102203033
In base 12, what is 1 - -34823b?
348240
In base 5, what is -1340030214 + 14?
-1340030200
In base 15, what is 65593 - 28?
6556a
In base 11, what is 13043a - -8?
130447
In base 15, what is 4 - 98b4b8?
-98b4b4
In base 10, what is 8553557 + -17?
8553540
In base 15, what is -86a + 1858?
edd
In base 9, what is 21 + 284538?
284560
In base 13, what is 15 - 89320?
-89308
In base 15, what is a3e - 204?
83a
In base 12, what is 873aa4 - -38?
873b20
In base 9, what is 3781043 + -8?
3781034
In base 3, what is 20002212221212 - -10?
20002212221222
In base 12, what is 1459b + 605?
14ba4
In base 12, what is -843b698 + -1a?
-843b6b6
In base 16, what is 2e1c72 - 19?
2e1c59
In base 9, what is -60104252 - -11?
-60104241
In base 5, what is 13322 + 3032?
21404
In base 15, what is -2 + -296ce26?
-296ce28
In base 2, what is 100010111011 + -111101010000?
-11010010101
In base 8, what is 5 - 5313061?
-5313054
In base 9, what is -4235 + 2378?
-1746
In base 8, what is 167577546 - 1?
167577545
In base 12, what is -73634 + 49?
-735a7
In base 4, what is 2020 - -1013013033?
1013021113
In base 13, what is -b - 22735b?
-227369
In base 3, what is 120 - 211122110?
-211121220
In base 2, what is 10001110010011010011011011 + -1?
10001110010011010011011010
In base 5, what is 3041 - 1333442?
-1330401
In base 3, what is -111111100002 - 210220?
-111112010222
In base 9, what is -22 + -580325?
-580347
In base 2, what is -1010010010111001001100010011 + 11?
-1010010010111001001100010000
In base 7, what is 4 - -11426255620?
11426255624
In base 4, what is -13123200 - -1233231?
-11223303
In base 14, what is -79a8b + 8?
-79a83
In base 13, what is -1a8 + -1c311?
-1c4b9
In base 13, what is a2c318 - 5?
a2c313
In base 7, what is -11014626 - -40?
-11014556
In base 16, what is 1 - -206a87?
206a88
In base 7, what is -22633 - -5233?
-14400
In base 5, what is -3 + 433440214?
433440211
In base 7, what is -44 - 5520201?
-5520245
In base 8, what is 4 + -473104764?
-473104760
In base 3, what is -2 - 1002022211011?
-1002022211020
In base 4, what is -1 + -2001312232312?
-2001312232313
In base 3, what is 2000110200101101 - -10?
2000110200101111
In base 11, what is 260 + -157045?
-156895
In base 13, what is 1404592 - -3?
1404595
In base 6, what is 134214 + -255433?
-121215
In base 6, what is 1224401 + 12301?
1241102
In base 5, what is -1414001 + 13010?
-1400441
In base 6, what is -3 + 5132?
5125
In base 3, what is -101020110021111 + -20?
-101020110021201
In base 16, what is 14d64 + -20e?
14b56
In base 6, what is 2 - -11114131440?
11114131442
In base 15, what is -d7e9 + -129?
-d923
In base 8, what is -11331701 + 3?
-11331676
In base 12, what is -1687b - -166?
-16715
In base 12, what is a27799 + 9?
a277a6
In base 11, what is -2387983 - -7?
-2387977
In base 14, what is 0 + 181d353?
181d353
In base 7, what is -2256406 - -333?
-2256043
In base 10, what is 14904 - 9544?
5360
In base 2, what is 10000110011100 + -101011000110?
1011011010110
In base 7, what is -3345053503 - 6?
-3345053512
In base 5, what is 1 + 14012121003?
14012121004
In base 14, what is 1cc2 - 6aa?
1616
In base 5, what is 104433 - -2144440?
2304423
In base 13, what is -553c3 - 55?
-55448
In base 5, what is -103212001 + -1214?
-103213220
In base 11, what is -1749 - 1169?
-2907
In base 7, what is -55 - -340046133?
340046045
In base 16, what is 6e7d4 - -50b?
6ecdf
In base 10, what is -33669143 + 5?
-33669138
In base 14, what is -103 - 8cdb8d?
-8cdc92
In base 2, what is -11 - -10100010110111100110110100?
10100010110111100110110001
In base 11, what is -326 - 125149?
-125474
In base 8, what is 151 - -1537044?
1537215
In base 14, what is 39a0bd0a + 0?
39a0bd0a
In base 14, what is -d - -834837?
834828
In base 14, what is 29c - -15aa5?
15d63
In base 2, what is 1011111101011110 + 100000?
1011111101111110
In base 3, what is 0 - -12212100101211?
12212100101211
In base 4, what is 320022 - -1313020?
2233102
In base 16, what is 21 + -2fc3a?
-2fc19
In base 5, what is -13 - -14033142300?
14033142232
In base 16, what is 8176 + 1be2?
9d58
In base 2, what is 111011001000001100110 - -100110101?
111011001000110011011
In base 16, what is -3298c - 34?
-329c0
In base 4, what is 20123201100121 - 3?
20123201100112
In base 9, what is 5 + 3328737?
3328743
In base 6, what is 14042015105 + 2?
14042015111
In base 12, what is 7 + 648169?
648174
In base 7, what is 5043 + 5341?
13414
In base 16, what is 1 + -4aba175?
-4aba174
In base 12, what is -6412 - 171?
-6583
In base 2, what is 101 - 10010001000001000000011?
-10010001000000111111110
In base 14, what is 38a453 - -3d?
38a492
In base 6, what is 210 + 24335023?
24335233
In base 15, what is -2 + -4c7453?
-4c7455
In base 7, what is 0 + 46214425?
46214425
In base 11, what is 63932 + -51?
63891
In base 14, what is -c965 - -34?
-c931
In base 12, what is 15231578 + 21?
15231599
In base 15, what is -ceb - -122?
-bc9
In base 13, what is -90303 - 0?
-90303
In base 9, what is 2 + 111752217?
111752220
In base 8, what is 100322636 - -4?
100322642
In base 16, what is 588 + 49f83?
4a50b
In base 16, what is -15068 - 4c?
-150b4
In base 5, what is 10 + 1311001333?
1311001343
In base 12, what is 806 + a052?
a858
In base 4, what is -10 + 11132010203132?
11132010203122
In base 16, what is 11 - 385f5?
-385e4
In base 16, what is 92 - -1084f5?
108587
In base 11, what is -5703a - a7?
-57136
In base 7, what is 6532 - -12034?
21566
In base 5, what is -332423 - -331401?
-1022
In base 13, what is -5 + 616967c?
6169677
In base 6, what is 15 + -34335324?
-34335305
In base 3, what is -10120020 + 10210211?
20121
In base 14, what is -b8 + -53cd?
-54a7
In base 15, what is -20a2 - 163?
-2215
In base 15, what is 5 + -127c9e7?
-127c9e2
In base 15, what is -2ea46a - 1e?
-2ea489
In base 4, what is 3 - 120023110022030?
-120023110022021
In base 5, what is 130 - -223212?
223342
In base 11, what is -28 + 2921?
28a4
In base 13, what is -c17 + -b5b5?
-c4cc
In base 14, what is 19406dd - 0?
19406dd
In base 14, what is 327 + 40089?
403b2
In base 16, what is -7 + -54116f?
-541176
In base 4, what is 211131030013 + 10?
211131030023
In base 3, what is -2210202 - -11200222?
1220020
In base 5, what is -1424 + 1011?
-413
In base 14, what is 2893 - d2?
27a1
In base 10, what is 8 + 49733206?
49733214
In base 6, what is -23300 + 1004?
-22252
In base 7, what is -455 +